{"id":8435,"date":"2023-09-17T07:30:58","date_gmt":"2023-09-17T10:30:58","guid":{"rendered":"http:\/\/juventudes.social.mg.gov.br\/?page_id=8435"},"modified":"2026-04-07T14:35:04","modified_gmt":"2026-04-07T17:35:04","slug":"conselheiros","status":"publish","type":"page","link":"https:\/\/cepct.social.mg.gov.br\/?page_id=8435","title":{"rendered":"Composi\u00e7\u00e3o"},"content":{"rendered":"\t\t<div data-elementor-type=\"wp-page\" data-elementor-id=\"8435\" class=\"elementor elementor-8435\" data-elementor-post-type=\"page\">\n\t\t\t\t<div class=\"elementor-element elementor-element-fffbd63 e-flex e-con-boxed e-con e-parent\" data-id=\"fffbd63\" data-element_type=\"container\">\n\t\t\t\t\t<div class=\"e-con-inner\">\n\t\t\t\t<div class=\"elementor-element elementor-element-fca01dd elementor-widget elementor-widget-spacer\" data-id=\"fca01dd\" data-element_type=\"widget\" data-widget_type=\"spacer.default\">\n\t\t\t\t<div class=\"elementor-widget-container\">\n\t\t\t\t\t\t\t<div class=\"elementor-spacer\">\n\t\t\t<div class=\"elementor-spacer-inner\"><\/div>\n\t\t<\/div>\n\t\t\t\t\t\t<\/div>\n\t\t\t\t<\/div>\n\t\t\t\t\t<\/div>\n\t\t\t\t<\/div>\n\t\t<div class=\"elementor-element elementor-element-f7827b5 e-flex e-con-boxed e-con e-parent\" data-id=\"f7827b5\" data-element_type=\"container\">\n\t\t\t\t\t<div class=\"e-con-inner\">\n\t\t\t\t<div class=\"elementor-element elementor-element-ddc8c1f elementor-widget elementor-widget-text-editor\" data-id=\"ddc8c1f\" data-element_type=\"widget\" data-widget_type=\"text-editor.default\">\n\t\t\t\t<div class=\"elementor-widget-container\">\n\t\t\t\t\t\t\t\t\t<p><strong>Composi\u00e7\u00e3o do Comit\u00ea conforme Decreto n\u00ba Decreto n\u00ba 48.691 de 15 de setembro de 2023:\u00a0\u00a0<\/strong><\/p><p><span style=\"font-size: 14pt;\"><strong>Representantes da Sociedade Civil:<\/strong><\/span><\/p><p><strong>Apanhadores de Flores Sempre Vivas<\/strong><br \/>Titular: Geralda Maria Soares da Silva <br \/>Suplente: Mariangela das Dores Alves<\/p><p><strong>Artes\u00e3os de Barro e Tecel\u00e3s<\/strong> <br \/>Titular: Wendell Marcelino de Lima <br \/>Suplente: Iolanda Barbosa do Nascimento<\/p><p><strong>Caatingueiros<\/strong><br \/>Titular: Oscarino Aguiar Cordeiro <br \/>Suplente: Eudimar Lopes<\/p><p><strong>Carroceiros<\/strong><br \/>Titular: Maxwell Moreira Pio <br \/>Suplente: Jos\u00e9 Aparecido de Oliveira<\/p><p><strong>Congadeiros<\/strong> <br \/>Titular: Neli Martins de Souza <br \/>Suplente: Elizangela Aparecida Santana<\/p><p><strong>Extrativistas<\/strong><br \/>Titular: Vicentina Bispo de Almeida Corte<\/p><p><strong>Faiscadores<\/strong> <br \/>Titular: A\u00e9lcio Freire Vial <br \/>Suplente: Ant\u00f4nio \u00c1ureo do Carmo<\/p><p><strong>Geraizeiros<\/strong><br \/>Titular: Orlando dos Santos <br \/>Suplente: C\u00e9lia Aparecida dos Santos da Silva<\/p><p><strong>Quilombolas<\/strong><br \/>Titular: Ivanilde Salom\u00e9 da Silva<\/p><p><strong>Pescadores Artesanais<\/strong><br \/>Titular: Clarindo Pereira dos Santos <br \/>Suplente: Isla Keila Santos Quaresma<\/p><p><strong>Povos Ciganos<\/strong><br \/>Titular: Jo\u00e3o Batista Nogueira <br \/>Suplente: Bruna Aparecida de Oliveira<\/p><p><strong>Povos Circenses<\/strong><br \/>Titular: Robson Teixeira da Costa <br \/>Suplente: Waldir Braga<\/p><p><strong>Povos Ind\u00edgenas &#8211; XAKRIAB\u00c1<\/strong><br \/>Titular: Giselma Ferreira de Brito<\/p><p><strong>Povos Tradicionais de Matriz Africana<\/strong><br \/>Titular: Flanner Fantoni Bergo <br \/>Suplente: Jonice Reis Proc\u00f3pio<\/p><p><strong>Vacarianos<\/strong> <br \/>Titular: Ol\u00edvia Saraiva<\/p><p><strong>Vazanteiros<\/strong><br \/>Suplente: Sinval Alves da Silva<\/p><p><strong>Veredeiros<\/strong><br \/>Titular: Tamires da Silva Santos <br \/>Suplente: Jos\u00e9 Ant\u00f4nio Guedes Alves<\/p><p><span style=\"font-size: 14pt;\"><strong>Representantes Governamentais:<\/strong><\/span><\/p><p><strong>Secretaria de Estado de Desenvolvimento Social &#8211; SEDESE<\/strong><br \/>Titular:\u00a0<br \/>Suplente: Erika Soares Martins<\/p><p>Titular: Vanessa Bar\u00e7ante Jota <br \/>Suplente: Marcel Cardoso Ferreira de Souza<\/p><p>Titular: Ana Carolina Ara\u00fajo Grossi <br \/>Suplente: Nelson Maure<\/p><p><strong>Secretaria de Estado de Agricultura, Pecu\u00e1ria e Abastecimento \u2013 SEAPA<\/strong><br \/>Titular: Mariana Moret Barreto <br \/>Suplente: Aline Maria Santos da Cruz<\/p><p>Titular: Anna Karla Ribeiro Silva <br \/>Suplente: Cristina Fontes Ara\u00fajo Viana<\/p><p><strong>Secretaria de Estado de Planejamento e Gest\u00e3o \u2013 SEPLAG<\/strong><br \/>Titular: Maria Virg\u00ednia Sena Tomich<\/p><p><strong>Secretaria de Estado de Cultura e Turismo &#8211; SECULT<\/strong><br \/>Titular: Nayara de Castro Dias <br \/>Suplente: Pablo Soares Pires<\/p><p><strong>Secretaria de Estado de Educa\u00e7\u00e3o \u2013 SEE<\/strong><br \/>Titular: M\u00e1rcia Isabel Chaves <br \/>Suplente: Anne Caroline Ferreira Vaz<\/p><p><strong>Secretaria de Estado de Sa\u00fade \u2013 SES<\/strong><br \/>Titular: Ciro C\u00e9sar Carvalho <br \/>Suplente: Lara Kunzi Pedrosa<\/p><p><strong>Secretaria de Estado de Meio Ambiente e Desenvolvimento Sustent\u00e1vel \u2013 SEMAD<\/strong><br \/>Titular: Adriano Tostes de Macedo <br \/>Suplente: Sara Michelly Cruz<\/p><p><strong>Instituto Estadual de Florestas \u2013 IEF<\/strong><br \/>Titular: Let\u00edcia Horta Vilas Boas <br \/>Suplente: Edmar Monteiro Silvar<\/p><p><strong>Universidade do Estado de Minas Gerais \u2013 UEMG<\/strong><br \/>Titular: Kelly da Silva <br \/>Suplente: Jurandir de Souza<\/p><p><strong>Universidade Estadual de Montes Claros \u2013 UNIMONTES<\/strong><br \/>Titular:\u00a0<br \/>Suplente: Andr\u00e9a Maria Narciso Rocha de Paula<\/p><p><strong>Instituto de Desenvolvimento do Norte e Nordeste de Minas &#8211; IDENE<\/strong><br \/>Titular: Maysa da Costa Silva <br \/>Suplente: J\u00falia de Castro Aleixo<\/p><p><strong>Empresa de Assist\u00eancia T\u00e9cnica e Extens\u00e3o Rural do Estado de Minas Gerais \u2013 EMATERMG<\/strong><br \/>Titular: Marta Cristina Beber de Souza <br \/>Suplente: Jos\u00e9 Cust\u00f3dio do Nascimento Junior<\/p><p><strong>Secretaria de Estado de Agricultura, Pecu\u00e1ria e Abastecimento \u2013 SEAPA<\/strong><br \/>Titular: Leticia Ara\u00fajo Gualter Silva <br \/>Suplente: Tarliane Cristine Cris\u00f3stomo de Melo<\/p><p><strong>Funda\u00e7\u00e3o Instituto Estadual de Patrim\u00f4nio Hist\u00f3rico e Art\u00edstico de Minas Gerais &#8211; IEPHA<\/strong><br \/>Titular: Nicole Faria Batista <br \/>Suplente: Gustavo de Oliveira Celestino<\/p><p><span style=\"font-size: 14pt;\"><strong>Convidados Permanentes:<\/strong><\/span><\/p><div><strong>Minist\u00e9rio P\u00fablico do Estado de Minas Gerais &#8211; MPMG<\/strong><\/div><div>Titular: Paulo C\u00e9sar Vicente de Lima<\/div><div>Suplente: Shirley Machado de Oliveira<\/div><div>\u00a0<\/div><div><strong>Minist\u00e9rio P\u00fablico Federal \u2013 MPF<\/strong><\/div><div>Titular: Helder Magno da Silva<\/div><div>Suplente: Edmundo Ant\u00f4nio Dias Netto Junior<\/div><div>\u00a0<\/div><div><strong>Funda\u00e7\u00e3o Nacional dos Povos Ind\u00edgenas &#8211; FUNAI<\/strong><\/div><div>Titular: Eliete Xavier de Oliveira<\/div><div>Suplente: Ruberval Matos Silva J\u00fanior<\/div><div>\u00a0<\/div><div><strong>Conselho Estadual de Promo\u00e7\u00e3o e Igualdade Racial \u2013 CONEPIR<\/strong><\/div><div>Titular: Adjanir Silva<\/div><div>Suplente: Luana Paulino Amaranto<\/div><div>\u00a0<\/div><div><strong>Conselho de Seguran\u00e7a Alimentar e Nutricional Sustent\u00e1vel de Minas Gerais \u2013 CONSEA<\/strong><\/div><div>Titular: Edilson Rezende Costa<\/div><div>Suplente: Wellington Donizete Marques Lima<\/div><div>\u00a0<\/div><div><strong>Instituto do Patrim\u00f4nio Hist\u00f3rico e Art\u00edstico Nacional \u2013IPHAN<\/strong><\/div><div>Titular: Vanilza Jacundino Rodrigues<\/div><div>Suplente: Tainah V\u00edctor Silva Leite<\/div><div>\u00a0<\/div><div><strong>Instituto Nacional de Coloniza\u00e7\u00e3o e Reforma Agr\u00e1ria &#8211; INCRA<\/strong><\/div><div>Titular: Rosana Alexandre dos Santos<\/div><div>Suplente: Fernanda Couto<\/div><div>\u00a0<\/div><div><strong>Minist\u00e9rio do Desenvolvimento Agr\u00e1rio e Agricultura Familiar &#8211; MDA<\/strong><\/div><div>Titular: Ant\u00f4nio Augusto Garcia Ver\u00edssimo<\/div><div>Suplente: Evandro Rocha Gon\u00e7alves<\/div>\t\t\t\t\t\t\t\t<\/div>\n\t\t\t\t<\/div>\n\t\t\t\t\t<\/div>\n\t\t\t\t<\/div>\n\t\t\t\t<\/div>\n\t\t","protected":false},"excerpt":{"rendered":"<p>Composi\u00e7\u00e3o do Comit\u00ea conforme Decreto n\u00ba Decreto n\u00ba 48.691 de 15 de setembro de 2023:\u00a0\u00a0 Representantes da Sociedade Civil: Apanhadores de Flores Sempre VivasTitular: Geralda Maria Soares da Silva Suplente: Mariangela das Dores Alves Artes\u00e3os de Barro e Tecel\u00e3s Titular: Wendell Marcelino de Lima Suplente: Iolanda Barbosa do Nascimento CaatingueirosTitular: Oscarino Aguiar Cordeiro Suplente: Eudimar &hellip; <\/p>\n<p class=\"link-more\"><a href=\"https:\/\/cepct.social.mg.gov.br\/?page_id=8435\" class=\"more-link\">Leia mais<span class=\"screen-reader-text\"> &#8220;Composi\u00e7\u00e3o&#8221;<\/span><\/a><\/p>\n","protected":false},"author":2,"featured_media":0,"parent":0,"menu_order":0,"comment_status":"closed","ping_status":"closed","template":"","meta":{"_monsterinsights_skip_tracking":false,"_monsterinsights_sitenote_active":false,"_monsterinsights_sitenote_note":"","_monsterinsights_sitenote_category":0,"footnotes":""},"class_list":["post-8435","page","type-page","status-publish","hentry"],"aioseo_notices":[],"featured_media_urls":[],"_links":{"self":[{"href":"https:\/\/cepct.social.mg.gov.br\/index.php?rest_route=\/wp\/v2\/pages\/8435","targetHints":{"allow":["GET"]}}],"collection":[{"href":"https:\/\/cepct.social.mg.gov.br\/index.php?rest_route=\/wp\/v2\/pages"}],"about":[{"href":"https:\/\/cepct.social.mg.gov.br\/index.php?rest_route=\/wp\/v2\/types\/page"}],"author":[{"embeddable":true,"href":"https:\/\/cepct.social.mg.gov.br\/index.php?rest_route=\/wp\/v2\/users\/2"}],"replies":[{"embeddable":true,"href":"https:\/\/cepct.social.mg.gov.br\/index.php?rest_route=%2Fwp%2Fv2%2Fcomments&post=8435"}],"version-history":[{"count":216,"href":"https:\/\/cepct.social.mg.gov.br\/index.php?rest_route=\/wp\/v2\/pages\/8435\/revisions"}],"predecessor-version":[{"id":9368,"href":"https:\/\/cepct.social.mg.gov.br\/index.php?rest_route=\/wp\/v2\/pages\/8435\/revisions\/9368"}],"wp:attachment":[{"href":"https:\/\/cepct.social.mg.gov.br\/index.php?rest_route=%2Fwp%2Fv2%2Fmedia&parent=8435"}],"curies":[{"name":"wp","href":"https:\/\/api.w.org\/{rel}","templated":true}]}}